hat is the highest common factor of 868 and 248?
124
What is the greatest common factor of 23 and 46?
23
What is the highest common divisor of 6640 and 80?
80
What is the greatest common divisor of 6319 and 89?
89
What is the greatest common factor of 143 and 11?
11
Calculate the highest common factor of 3526 and 164.
82
What is the highest common factor of 3072 and 12?
12
Calculate the highest common divisor of 225 and 360.
45
What is the greatest common factor of 53 and 848?
53
What is the greatest common factor of 72 and 44928?
72
What is the greatest common divisor of 9944 and 88?
88
Calculate the highest common divisor of 28 and 4641.
7
Calculate the greatest common divisor of 55013 and 406.
203
What is the highest common divisor of 94 and 47?
47
Calculate the greatest common factor of 55 and 176.
11
Calculate the highest common divisor of 20 and 174.
2
Calculate the highest common divisor of 14521 and 13.
13
Calculate the greatest common factor of 144 and 150.
6
Calculate the greatest common factor of 42 and 91.
7
What is the highest common factor of 71 and 213?
71
What is the greatest common divisor of 3692 and 78?
26
Calculate the highest common divisor of 9 and 333.
9
Calculate the greatest common divisor of 704 and 616.
88
Calculate the highest common divisor of 192 and 72.
24
What is the highest common factor of 88 and 33?
11
What is the greatest common divisor of 1 and 79?
1
Calculate the greatest common factor of 18 and 198.
18
What is the highest common divisor of 462 and 525?
21
Calculate the greatest common divisor of 160 and 5088.
32
Calculate the greatest common factor of 26 and 50934.
26
Calculate the highest common factor of 17172 and 1060.
212
Calculate the greatest common factor of 40 and 112.
8
Calculate the highest common factor of 6231 and 402.
201
Calculate the highest common factor of 225 and 90.
45
Calculate the highest common factor of 208 and 234.
26
Calculate the highest common factor of 255 and 30.
15
Calculate the highest common divisor of 1004 and 4.
4
Calculate the highest common factor of 3861 and 234.
117
What is the greatest common divisor of 88 and 14344?
88
What is the highest common divisor of 567 and 3213?
189
What is the highest common divisor of 2124 and 54?
18
What is the highest common factor of 126 and 134?
2
Calculate the highest common factor of 85 and 35.
5
What is the greatest common factor of 75 and 555?
15
What is the highest common factor of 12 and 606?
6
What is the greatest common factor of 2388 and 12?
12
What is the greatest common factor of 100 and 2450?
50
What is the greatest common factor of 102 and 1173?
51
Calculate the highest common factor of 100 and 8.
4
Calculate the greatest common divisor of 735 and 525.
105
What is the highest common divisor of 102 and 24?
6
What is the greatest common divisor of 20 and 540?
20
What is the highest common divisor of 8 and 332?
4
Calculate the highest common divisor of 681 and 9.
3
What is the greatest common factor of 24 and 153?
3
What is the highest common factor of 304 and 32?
16
What is the highest common divisor of 126 and 896?
14
What is the greatest common factor of 13311 and 522?
261
Calculate the greatest common divisor of 372 and 14601.
93
Calculate the greatest common factor of 15673 and 7.
7
What is the highest common factor of 3256 and 88?
88
Calculate the highest common divisor of 69 and 3.
3
Calculate the highest common divisor of 2375 and 133.
19
Calculate the greatest common factor of 230 and 1190.
10
What is the highest common divisor of 217 and 7192?
31
What is the greatest common factor of 529 and 713?
23
Calculate the greatest common factor of 506 and 132.
22
What is the greatest common divisor of 12 and 402?
6
What is the highest common divisor of 105 and 455?
35
What is the greatest common divisor of 7 and 14?
7
What is the greatest common divisor of 76 and 5567?
19
What is the greatest common divisor of 1740 and 1421?
29
What is the highest common divisor of 384 and 80?
16
Calculate the highest common factor of 1359 and 1208.
151
Calculate the highest common factor of 3576 and 216.
24
Calculate the highest common factor of 124 and 1519.
31
Calculate the greatest common factor of 855 and 1235.
95
Calculate the highest common divisor of 10510 and 30.
10
Calculate the highest common factor of 21 and 9.
3
Calculate the greatest common factor of 95 and 513.
19
Calculate the greatest common divisor of 1 and 41.
1
What is the greatest common divisor of 5618 and 106?
106
What is the highest common factor of 1430 and 455?
65
Calculate the greatest common divisor of 1751 and 206.
103
What is the highest common factor of 48 and 30?
6
Calculate the greatest common factor of 36 and 225.
9
Calculate the highest common factor of 470 and 20.
10
Calculate the highest common factor of 14201 and 11.
11
What is the highest common factor of 43009 and 41?
41
Calculate the greatest common factor of 40 and 660.
20
What is the highest common factor of 344 and 8?
8
Calculate the highest common divisor of 2550 and 68.
34
What is the greatest common divisor of 4216 and 680?
136
What is the highest common factor of 27450 and 225?
225
Calculate the highest common factor of 403 and 341.
31
Calculate the greatest common factor of 2304 and 24.
24
Calculate the greatest common divisor of 17 and 629.
17
Calculate the greatest common divisor of 198 and 88.
22
Calculate the highest common divisor of 560 and 272.
16
Calculate the highest common factor of 2115 and 180.
45
What is the highest common factor of 84 and 210?
42
Calculate the greatest common divisor of 96 and 114.
6
What is the highest common divisor of 48 and 424?
8
What is the greatest common divisor of 3186 and 216?
54
What is the greatest common divisor of 42 and 4354?
14
Calculate the highest common divisor of 138 and 13938.
138
Calculate the greatest common factor of 17 and 49.
1
Calculate the greatest common divisor of 48 and 201.
3
Calculate the greatest common divisor of 6 and 12.
6
Calculate the greatest common divisor of 483 and 69.
69
What is the highest common divisor of 16 and 772?
4
Calculate the greatest common divisor of 702 and 26.
26
Calculate the highest common divisor of 345 and 105.
15
Calculate the highest common factor of 60 and 4920.
60
Calculate the highest common factor of 533 and 13.
13
What is the greatest common divisor of 782 and 46?
46
Calculate the greatest common divisor of 18 and 24.
6
What is the highest common divisor of 320 and 64?
64
What is the greatest common divisor of 11 and 1903?
11
What is the greatest common factor of 2340 and 3960?
180
What is the greatest common divisor of 10 and 340?
10
What is the greatest common factor of 37 and 296?
37
Calculate the greatest common divisor of 98 and 1.
1
Calculate the greatest common factor of 377 and 26.
13
Calculate the highest common divisor of 176 and 144.
16
What is the highest common divisor of 225 and 2700?
225
Calculate the greatest common factor of 52 and 36.
4
Calculate the greatest common divisor of 4 and 8.
4
Calculate the greatest common factor of 16 and 664.
8
What is the highest common factor of 36 and 180?
36
What is the greatest common factor of 247 and 20007?
247
Calculate the greatest common divisor of 63 and 105.
21
Calculate the greatest common divisor of 360 and 840.
120
What is the highest common divisor of 9 and 2124?
9
Calculate the greatest common divisor of 54 and 513.
27
What is the highest common factor of 268 and 5963?
67
Calculate the greatest common factor of 1180 and 20.
20
What is the highest common divisor of 708 and 12?
12
What is the greatest common divisor of 136 and 901?
17
Calculate the greatest common divisor of 14678 and 537.
179
Calculate the highest common factor of 4746 and 168.
42
Calculate the highest common factor of 18 and 1254.
6
Calculate the highest common divisor of 324 and 60.
12
Calculate the highest common factor of 364 and 130.
26
What is the highest common divisor of 279 and 217?
31
What is the greatest common divisor of 72 and 6872?
8
Calculate the greatest common divisor of 1333 and 43.
43
What is the greatest common divisor of 9 and 41319?
9
Calculate the greatest common divisor of 485 and 97.
97
What is the greatest common factor of 207 and 27?
